{"version":"1.0","provider_name":"KAMERAT JA OPTISET LAITTEET","provider_url":"https:\/\/www.victoriamedia.org\/ld","author_name":"Kerttu Vali","author_url":"https:\/\/www.victoriamedia.org\/ld\/author\/kerttuvali\/","title":"Zeiss-uutuudet Sony E-bajonetille - KAMERAT JA OPTISET LAITTEET","type":"rich","width":600,"height":338,"html":"<blockquote class=\"wp-embedded-content\" data-secret=\"8P8OkD24xo\"><a href=\"https:\/\/www.victoriamedia.org\/ld\/zeiss-uutuudet-sony-e-bajonetille\/\">Zeiss-uutuudet Sony E-bajonetille<\/a><\/blockquote><iframe sandbox=\"allow-scripts\" security=\"restricted\" src=\"https:\/\/www.victoriamedia.org\/ld\/zeiss-uutuudet-sony-e-bajonetille\/embed\/#?secret=8P8OkD24xo\" width=\"600\" height=\"338\" title=\"&#8220;Zeiss-uutuudet Sony E-bajonetille&#8221; &#8212; KAMERAT JA OPTISET LAITTEET\" data-secret=\"8P8OkD24xo\" frameborder=\"0\" marginwidth=\"0\" marginheight=\"0\" scrolling=\"no\" class=\"wp-embedded-content\"><\/iframe><script type=\"text\/javascript\">\n\/* <![CDATA[ *\/\n\/*! This file is auto-generated *\/\n!function(d,l){\"use strict\";l.querySelector&&d.addEventListener&&\"undefined\"!=typeof URL&&(d.wp=d.wp||{},d.wp.receiveEmbedMessage||(d.wp.receiveEmbedMessage=function(e){var t=e.data;if((t||t.secret||t.message||t.value)&&!\/[^a-zA-Z0-9]\/.test(t.secret)){for(var s,r,n,a=l.querySelectorAll('iframe[data-secret=\"'+t.secret+'\"]'),o=l.querySelectorAll('blockquote[data-secret=\"'+t.secret+'\"]'),c=new RegExp(\"^https?:$\",\"i\"),i=0;i<o.length;i++)o[i].style.display=\"none\";for(i=0;i<a.length;i++)s=a[i],e.source===s.contentWindow&&(s.removeAttribute(\"style\"),\"height\"===t.message?(1e3<(r=parseInt(t.value,10))?r=1e3:~~r<200&&(r=200),s.height=r):\"link\"===t.message&&(r=new URL(s.getAttribute(\"src\")),n=new URL(t.value),c.test(n.protocol))&&n.host===r.host&&l.activeElement===s&&(d.top.location.href=t.value))}},d.addEventListener(\"message\",d.wp.receiveEmbedMessage,!1),l.addEventListener(\"DOMContentLoaded\",function(){for(var e,t,s=l.querySelectorAll(\"iframe.wp-embedded-content\"),r=0;r<s.length;r++)(t=(e=s[r]).getAttribute(\"data-secret\"))||(t=Math.random().toString(36).substring(2,12),e.src+=\"#?secret=\"+t,e.setAttribute(\"data-secret\",t)),e.contentWindow.postMessage({message:\"ready\",secret:t},\"*\")},!1)))}(window,document);\n\/\/# sourceURL=https:\/\/www.victoriamedia.org\/ld\/wp-includes\/js\/wp-embed.min.js\n\/* ]]> *\/\n<\/script>\n","description":"Zeiss julkaisee kokonaan uuden Loxia-sarjan Sonyn E-bajonetille. Nyt julkaistaan 35mm ja 50mm objektiivit valovoimalla F\/2.0.\u00a0Objektiivien ensiesittely on 16. syyskuuta K\u00f6lniss\u00e4 j\u00e4rjestett\u00e4v\u00e4ss\u00e4 Photokinassa. T\u00e4ydelle kennolle Sen j\u00e4lkeen kun Sony julkaisi ensimm\u00e4isen peilitt\u00f6m\u00e4n t\u00e4yden kennon kameransa, on kysynt\u00e4 siihen sopiville objektiiveille ollut suurta. N\u00e4iden erikoisobjektiivien julkaisua on sen vuoksi jo odotettu. Niiss\u00e4 on mekaaninen aukons\u00e4\u00e4t\u00f6, jota voidaan [&hellip;]","thumbnail_url":"http:\/\/www.victoriamedia.org\/ld\/wp-content\/uploads\/2014\/09\/xcorffhiae1w7qejh1jb.jpg"}

Zeiss julkaisee kokonaan uuden Loxia-sarjan Sonyn E-bajonetille. Nyt julkaistaan 35mm ja 50mm objektiivit valovoimalla F/2.0. Objektiivien ensiesittely on 16. syyskuuta Kölnissä järjestettävässä Photokinassa. Täydelle kennolle Sen jälkeen kun Sony julkaisi ensimmäisen peilittömän täyden kennon kameransa, on kysyntä siihen sopiville objektiiveille ollut suurta. Näiden erikoisobjektiivien julkaisua on sen vuoksi jo odotettu. Niissä on mekaaninen aukonsäätö, jota voidaan [&hellip;]
