{"version":"1.0","provider_name":"KAMERAT JA OPTISET LAITTEET","provider_url":"https:\/\/www.victoriamedia.org\/ld","author_name":"Kerttu Vali","author_url":"https:\/\/www.victoriamedia.org\/ld\/author\/kerttuvali\/","title":"STEFAN LINDFORS VALITSEE FOTOFINLANDIAN VOITTAJAN - KAMERAT JA OPTISET LAITTEET","type":"rich","width":600,"height":338,"html":"<blockquote class=\"wp-embedded-content\" data-secret=\"vNbjHO9Kly\"><a href=\"https:\/\/www.victoriamedia.org\/ld\/stefan-lindfors-valitsee-fotofinlandian-voittajan\/\">STEFAN LINDFORS VALITSEE FOTOFINLANDIAN VOITTAJAN<\/a><\/blockquote><iframe sandbox=\"allow-scripts\" security=\"restricted\" src=\"https:\/\/www.victoriamedia.org\/ld\/stefan-lindfors-valitsee-fotofinlandian-voittajan\/embed\/#?secret=vNbjHO9Kly\" width=\"600\" height=\"338\" title=\"&#8220;STEFAN LINDFORS VALITSEE FOTOFINLANDIAN VOITTAJAN&#8221; &#8212; KAMERAT JA OPTISET LAITTEET\" data-secret=\"vNbjHO9Kly\" frameborder=\"0\" marginwidth=\"0\" marginheight=\"0\" scrolling=\"no\" class=\"wp-embedded-content\"><\/iframe><script type=\"text\/javascript\">\n\/* <![CDATA[ *\/\n\/*! This file is auto-generated *\/\n!function(d,l){\"use strict\";l.querySelector&&d.addEventListener&&\"undefined\"!=typeof URL&&(d.wp=d.wp||{},d.wp.receiveEmbedMessage||(d.wp.receiveEmbedMessage=function(e){var t=e.data;if((t||t.secret||t.message||t.value)&&!\/[^a-zA-Z0-9]\/.test(t.secret)){for(var s,r,n,a=l.querySelectorAll('iframe[data-secret=\"'+t.secret+'\"]'),o=l.querySelectorAll('blockquote[data-secret=\"'+t.secret+'\"]'),c=new RegExp(\"^https?:$\",\"i\"),i=0;i<o.length;i++)o[i].style.display=\"none\";for(i=0;i<a.length;i++)s=a[i],e.source===s.contentWindow&&(s.removeAttribute(\"style\"),\"height\"===t.message?(1e3<(r=parseInt(t.value,10))?r=1e3:~~r<200&&(r=200),s.height=r):\"link\"===t.message&&(r=new URL(s.getAttribute(\"src\")),n=new URL(t.value),c.test(n.protocol))&&n.host===r.host&&l.activeElement===s&&(d.top.location.href=t.value))}},d.addEventListener(\"message\",d.wp.receiveEmbedMessage,!1),l.addEventListener(\"DOMContentLoaded\",function(){for(var e,t,s=l.querySelectorAll(\"iframe.wp-embedded-content\"),r=0;r<s.length;r++)(t=(e=s[r]).getAttribute(\"data-secret\"))||(t=Math.random().toString(36).substring(2,12),e.src+=\"#?secret=\"+t,e.setAttribute(\"data-secret\",t)),e.contentWindow.postMessage({message:\"ready\",secret:t},\"*\")},!1)))}(window,document);\n\/\/# sourceURL=https:\/\/www.victoriamedia.org\/ld\/wp-includes\/js\/wp-embed.min.js\n\/* ]]> *\/\n<\/script>\n","description":"Fotofinlandia 2014 -kilpailun p\u00e4\u00e4tuomarina toimii Stefan Lindfors, jonka teht\u00e4v\u00e4 on valita\u00a0voittaja 20 finalistin joukosta. Lindfors (s.1962) on sisustusarkkitehti, muotoilija,\u00a0kuvanveist\u00e4j\u00e4 ja ohjaaja, joka vaikuttaa vahvasti monella taiteen ja teollisen muotoilun\u00a0alalla. H\u00e4n toteuttanut useita kansainv\u00e4lisi\u00e4 projekteja, ty\u00f6skennellyt opettajana\u00a0taidekorkeakouluissa ja toiminut kymmeniss\u00e4 kilpailujyryiss\u00e4 Euroopassa ja\u00a0Yhdysvalloissa. Avoimen valokuvakilpailun tulokset julkistetaan perjantaina 7.3. 2014 kello 11.30 Helsingin\u00a0Messukeskuksessa, miss\u00e4 Fotofinlandia-n\u00e4yttely on [&hellip;]"}

Fotofinlandia 2014 -kilpailun päätuomarina toimii Stefan Lindfors, jonka tehtävä on valita voittaja 20 finalistin joukosta. Lindfors (s.1962) on sisustusarkkitehti, muotoilija, kuvanveistäjä ja ohjaaja, joka vaikuttaa vahvasti monella taiteen ja teollisen muotoilun alalla. Hän toteuttanut useita kansainvälisiä projekteja, työskennellyt opettajana taidekorkeakouluissa ja toiminut kymmenissä kilpailujyryissä Euroopassa ja Yhdysvalloissa. Avoimen valokuvakilpailun tulokset julkistetaan perjantaina 7.3. 2014 kello 11.30 Helsingin Messukeskuksessa, missä Fotofinlandia-näyttely on [&hellip;]
