{"version":"1.0","provider_name":"KAMERAT JA OPTISET LAITTEET","provider_url":"https:\/\/www.victoriamedia.org\/ld","author_name":"Kerttu Vali","author_url":"https:\/\/www.victoriamedia.org\/ld\/author\/kerttuvali\/","title":"Kuva&Kamera-messuilla uusia v\u00e4lineit\u00e4 ja tuoreita kuvakulmia - KAMERAT JA OPTISET LAITTEET","type":"rich","width":600,"height":338,"html":"<blockquote class=\"wp-embedded-content\" data-secret=\"S3nYevDA4K\"><a href=\"https:\/\/www.victoriamedia.org\/ld\/kuvakamera-messuilla-uusia-valineita-ja-tuoreita-kuvakulmia\/\">Kuva&#038;Kamera-messuilla uusia v\u00e4lineit\u00e4 ja tuoreita kuvakulmia<\/a><\/blockquote><iframe sandbox=\"allow-scripts\" security=\"restricted\" src=\"https:\/\/www.victoriamedia.org\/ld\/kuvakamera-messuilla-uusia-valineita-ja-tuoreita-kuvakulmia\/embed\/#?secret=S3nYevDA4K\" width=\"600\" height=\"338\" title=\"&#8220;Kuva&#038;Kamera-messuilla uusia v\u00e4lineit\u00e4 ja tuoreita kuvakulmia&#8221; &#8212; KAMERAT JA OPTISET LAITTEET\" data-secret=\"S3nYevDA4K\" frameborder=\"0\" marginwidth=\"0\" marginheight=\"0\" scrolling=\"no\" class=\"wp-embedded-content\"><\/iframe><script type=\"text\/javascript\">\n\/* <![CDATA[ *\/\n\/*! This file is auto-generated *\/\n!function(d,l){\"use strict\";l.querySelector&&d.addEventListener&&\"undefined\"!=typeof URL&&(d.wp=d.wp||{},d.wp.receiveEmbedMessage||(d.wp.receiveEmbedMessage=function(e){var t=e.data;if((t||t.secret||t.message||t.value)&&!\/[^a-zA-Z0-9]\/.test(t.secret)){for(var s,r,n,a=l.querySelectorAll('iframe[data-secret=\"'+t.secret+'\"]'),o=l.querySelectorAll('blockquote[data-secret=\"'+t.secret+'\"]'),c=new RegExp(\"^https?:$\",\"i\"),i=0;i<o.length;i++)o[i].style.display=\"none\";for(i=0;i<a.length;i++)s=a[i],e.source===s.contentWindow&&(s.removeAttribute(\"style\"),\"height\"===t.message?(1e3<(r=parseInt(t.value,10))?r=1e3:~~r<200&&(r=200),s.height=r):\"link\"===t.message&&(r=new URL(s.getAttribute(\"src\")),n=new URL(t.value),c.test(n.protocol))&&n.host===r.host&&l.activeElement===s&&(d.top.location.href=t.value))}},d.addEventListener(\"message\",d.wp.receiveEmbedMessage,!1),l.addEventListener(\"DOMContentLoaded\",function(){for(var e,t,s=l.querySelectorAll(\"iframe.wp-embedded-content\"),r=0;r<s.length;r++)(t=(e=s[r]).getAttribute(\"data-secret\"))||(t=Math.random().toString(36).substring(2,12),e.src+=\"#?secret=\"+t,e.setAttribute(\"data-secret\",t)),e.contentWindow.postMessage({message:\"ready\",secret:t},\"*\")},!1)))}(window,document);\n\/\/# sourceURL=https:\/\/www.victoriamedia.org\/ld\/wp-includes\/js\/wp-embed.min.js\n\/* ]]> *\/\n<\/script>\n","description":"Kuva&amp;Kamera-messuilla on ohjelmaa kuvaamisen suunnittelusta j\u00e4lkik\u00e4sittelyyn. Kuva: Messukeskus. Kuva&amp;Kamera-messut on myynti-, koulutus- ja n\u00e4yttelytapahtuma kuvauksen harrastajille ja ammattilaisille. Messuilla on esill\u00e4 koko kuvauksen kaari: kuvien suunnittelu, valo- ja videokuvaaminen sek\u00e4 kuvank\u00e4sittely, tulostus ja julkaisu. Tapahtuman kruunaa perjantaina 4.3. jaettavat Fotofinlandia- ja Finnfoto-palkinnot. Fotofinlandia-palkinto nostaa esiin suomalaisen valokuvataiteen ja k\u00e4ytt\u00f6kuvan tuoreita ilmi\u00f6it\u00e4. Palkinto jaetaan joka toinen [&hellip;]","thumbnail_url":"http:\/\/www.victoriamedia.org\/ld\/wp-content\/uploads\/2016\/02\/21e7afa7-44d0-4315-bedd-f5ef33817931-main_image.jpg"}

Kuva&Kamera-messuilla uusia välineitä ja tuoreita kuvakulmia - KAMERAT JA OPTISET LAITTEET

<blockquote class="wp-embedded-content" data-secret="S3nYevDA4K"><a href="https://www.victoriamedia.org/ld/kuvakamera-messuilla-uusia-valineita-ja-tuoreita-kuvakulmia/">Kuva&#038;Kamera-messuilla uusia välineitä ja tuoreita kuvakulmia</a></blockquote><iframe sandbox="allow-scripts" security="restricted" src="https://www.victoriamedia.org/ld/kuvakamera-messuilla-uusia-valineita-ja-tuoreita-kuvakulmia/embed/#?secret=S3nYevDA4K" width="600" height="338" title="&#8220;Kuva&#038;Kamera-messuilla uusia välineitä ja tuoreita kuvakulmia&#8221; &#8212; KAMERAT JA OPTISET LAITTEET" data-secret="S3nYevDA4K" frameborder="0" marginwidth="0" marginheight="0" scrolling="no" class="wp-embedded-content"></iframe><script type="text/javascript">
/* <![CDATA[ */
/*! This file is auto-generated */
!function(d,l){"use strict";l.querySelector&&d.addEventListener&&"undefined"!=typeof URL&&(d.wp=d.wp||{},d.wp.receiveEmbedMessage||(d.wp.receiveEmbedMessage=function(e){var t=e.data;if((t||t.secret||t.message||t.value)&&!/[^a-zA-Z0-9]/.test(t.secret)){for(var s,r,n,a=l.querySelectorAll('iframe[data-secret="'+t.secret+'"]'),o=l.querySelectorAll('blockquote[data-secret="'+t.secret+'"]'),c=new RegExp("^https?:$","i"),i=0;i<o.length;i++)o[i].style.display="none";for(i=0;i<a.length;i++)s=a[i],e.source===s.contentWindow&&(s.removeAttribute("style"),"height"===t.message?(1e3<(r=parseInt(t.value,10))?r=1e3:~~r<200&&(r=200),s.height=r):"link"===t.message&&(r=new URL(s.getAttribute("src")),n=new URL(t.value),c.test(n.protocol))&&n.host===r.host&&l.activeElement===s&&(d.top.location.href=t.value))}},d.addEventListener("message",d.wp.receiveEmbedMessage,!1),l.addEventListener("DOMContentLoaded",function(){for(var e,t,s=l.querySelectorAll("iframe.wp-embedded-content"),r=0;r<s.length;r++)(t=(e=s[r]).getAttribute("data-secret"))||(t=Math.random().toString(36).substring(2,12),e.src+="#?secret="+t,e.setAttribute("data-secret",t)),e.contentWindow.postMessage({message:"ready",secret:t},"*")},!1)))}(window,document);
//# sourceURL=https://www.victoriamedia.org/ld/wp-includes/js/wp-embed.min.js
/* ]]> */
</script>

Kuva&amp;Kamera-messuilla on ohjelmaa kuvaamisen suunnittelusta jälkikäsittelyyn. Kuva: Messukeskus. Kuva&amp;Kamera-messut on myynti-, koulutus- ja näyttelytapahtuma kuvauksen harrastajille ja ammattilaisille. Messuilla on esillä koko kuvauksen kaari: kuvien suunnittelu, valo- ja videokuvaaminen sekä kuvankäsittely, tulostus ja julkaisu. Tapahtuman kruunaa perjantaina 4.3. jaettavat Fotofinlandia- ja Finnfoto-palkinnot. Fotofinlandia-palkinto nostaa esiin suomalaisen valokuvataiteen ja käyttökuvan tuoreita ilmiöitä. Palkinto jaetaan joka toinen [&hellip;]
