{"version":"1.0","provider_name":"KAMERAT JA OPTISET LAITTEET","provider_url":"https:\/\/www.victoriamedia.org\/ld","author_name":"Kerttu Vali","author_url":"https:\/\/www.victoriamedia.org\/ld\/author\/kerttuvali\/","title":"iSAW, uusi action-kameramerkki - KAMERAT JA OPTISET LAITTEET","type":"rich","width":600,"height":338,"html":"<blockquote class=\"wp-embedded-content\" data-secret=\"Yxi8koHeBc\"><a href=\"https:\/\/www.victoriamedia.org\/ld\/isaw-uusi-action-kameramerkki\/\">iSAW, uusi action-kameramerkki<\/a><\/blockquote><iframe sandbox=\"allow-scripts\" security=\"restricted\" src=\"https:\/\/www.victoriamedia.org\/ld\/isaw-uusi-action-kameramerkki\/embed\/#?secret=Yxi8koHeBc\" width=\"600\" height=\"338\" title=\"&#8220;iSAW, uusi action-kameramerkki&#8221; &#8212; KAMERAT JA OPTISET LAITTEET\" data-secret=\"Yxi8koHeBc\" frameborder=\"0\" marginwidth=\"0\" marginheight=\"0\" scrolling=\"no\" class=\"wp-embedded-content\"><\/iframe><script type=\"text\/javascript\">\n\/* <![CDATA[ *\/\n\/*! This file is auto-generated *\/\n!function(d,l){\"use strict\";l.querySelector&&d.addEventListener&&\"undefined\"!=typeof URL&&(d.wp=d.wp||{},d.wp.receiveEmbedMessage||(d.wp.receiveEmbedMessage=function(e){var t=e.data;if((t||t.secret||t.message||t.value)&&!\/[^a-zA-Z0-9]\/.test(t.secret)){for(var s,r,n,a=l.querySelectorAll('iframe[data-secret=\"'+t.secret+'\"]'),o=l.querySelectorAll('blockquote[data-secret=\"'+t.secret+'\"]'),c=new RegExp(\"^https?:$\",\"i\"),i=0;i<o.length;i++)o[i].style.display=\"none\";for(i=0;i<a.length;i++)s=a[i],e.source===s.contentWindow&&(s.removeAttribute(\"style\"),\"height\"===t.message?(1e3<(r=parseInt(t.value,10))?r=1e3:~~r<200&&(r=200),s.height=r):\"link\"===t.message&&(r=new URL(s.getAttribute(\"src\")),n=new URL(t.value),c.test(n.protocol))&&n.host===r.host&&l.activeElement===s&&(d.top.location.href=t.value))}},d.addEventListener(\"message\",d.wp.receiveEmbedMessage,!1),l.addEventListener(\"DOMContentLoaded\",function(){for(var e,t,s=l.querySelectorAll(\"iframe.wp-embedded-content\"),r=0;r<s.length;r++)(t=(e=s[r]).getAttribute(\"data-secret\"))||(t=Math.random().toString(36).substring(2,12),e.src+=\"#?secret=\"+t,e.setAttribute(\"data-secret\",t)),e.contentWindow.postMessage({message:\"ready\",secret:t},\"*\")},!1)))}(window,document);\n\/\/# sourceURL=https:\/\/www.victoriamedia.org\/ld\/wp-includes\/js\/wp-embed.min.js\n\/* ]]> *\/\n<\/script>\n","description":"Etel\u00e4korealainen iSAW on ollut action-kameramarkkinoilla jo jonkin aikaa ja sill\u00e4 on ollut useita vahvoja kameramalleja. Nyt viimeinkin iSAW saapuu pohjolaan. Uuden edustajan, Focus Nordicin my\u00f6t\u00e4 jakelun lis\u00e4\u00e4ntyminen, sek\u00e4 uuden erinomaisilla ominaisuuksilla varustetun kameramallin my\u00f6t\u00e4, pystymme murtautumaan n\u00e4ille kasvaville markkinoille. iSAW Extreme on kehittynein action-kamera, jossa on useita ainutlaatuisia ominaisuuksia. Se tuottaa erinomaisia \u201dpoint of view\u201d [&hellip;]","thumbnail_url":"http:\/\/www.victoriamedia.org\/ld\/wp-content\/uploads\/2013\/07\/print_q7QdwFeBqv-1024x784.jpg"}

Eteläkorealainen iSAW on ollut action-kameramarkkinoilla jo jonkin aikaa ja sillä on ollut useita vahvoja kameramalleja. Nyt viimeinkin iSAW saapuu pohjolaan. Uuden edustajan, Focus Nordicin myötä jakelun lisääntyminen, sekä uuden erinomaisilla ominaisuuksilla varustetun kameramallin myötä, pystymme murtautumaan näille kasvaville markkinoille. iSAW Extreme on kehittynein action-kamera, jossa on useita ainutlaatuisia ominaisuuksia. Se tuottaa erinomaisia ”point of view” [&hellip;]
