{"version":"1.0","provider_name":"KALASTUSVIESTI","provider_url":"https:\/\/www.victoriamedia.org\/kalastusviesti","author_name":"kerttuvali","author_url":"https:\/\/www.victoriamedia.org\/kalastusviesti\/author\/kerttuvali\/","title":"Valtakunnallinen pilkkiviikko pyyt\u00e4\u00e4 pilkille - KALASTUSVIESTI","type":"rich","width":600,"height":338,"html":"<blockquote class=\"wp-embedded-content\" data-secret=\"5e2tKQEN4N\"><a href=\"https:\/\/www.victoriamedia.org\/kalastusviesti\/valtakunnallinen-pilkkiviikko-pyytaa-pilkille\/\">Valtakunnallinen pilkkiviikko pyyt\u00e4\u00e4 pilkille<\/a><\/blockquote><iframe sandbox=\"allow-scripts\" security=\"restricted\" src=\"https:\/\/www.victoriamedia.org\/kalastusviesti\/valtakunnallinen-pilkkiviikko-pyytaa-pilkille\/embed\/#?secret=5e2tKQEN4N\" width=\"600\" height=\"338\" title=\"&#8220;Valtakunnallinen pilkkiviikko pyyt\u00e4\u00e4 pilkille&#8221; &#8212; KALASTUSVIESTI\" data-secret=\"5e2tKQEN4N\" frameborder=\"0\" marginwidth=\"0\" marginheight=\"0\" scrolling=\"no\" class=\"wp-embedded-content\"><\/iframe><script type=\"text\/javascript\">\n\/* <![CDATA[ *\/\n\/*! This file is auto-generated *\/\n!function(d,l){\"use strict\";l.querySelector&&d.addEventListener&&\"undefined\"!=typeof URL&&(d.wp=d.wp||{},d.wp.receiveEmbedMessage||(d.wp.receiveEmbedMessage=function(e){var t=e.data;if((t||t.secret||t.message||t.value)&&!\/[^a-zA-Z0-9]\/.test(t.secret)){for(var s,r,n,a=l.querySelectorAll('iframe[data-secret=\"'+t.secret+'\"]'),o=l.querySelectorAll('blockquote[data-secret=\"'+t.secret+'\"]'),c=new RegExp(\"^https?:$\",\"i\"),i=0;i<o.length;i++)o[i].style.display=\"none\";for(i=0;i<a.length;i++)s=a[i],e.source===s.contentWindow&&(s.removeAttribute(\"style\"),\"height\"===t.message?(1e3<(r=parseInt(t.value,10))?r=1e3:~~r<200&&(r=200),s.height=r):\"link\"===t.message&&(r=new URL(s.getAttribute(\"src\")),n=new URL(t.value),c.test(n.protocol))&&n.host===r.host&&l.activeElement===s&&(d.top.location.href=t.value))}},d.addEventListener(\"message\",d.wp.receiveEmbedMessage,!1),l.addEventListener(\"DOMContentLoaded\",function(){for(var e,t,s=l.querySelectorAll(\"iframe.wp-embedded-content\"),r=0;r<s.length;r++)(t=(e=s[r]).getAttribute(\"data-secret\"))||(t=Math.random().toString(36).substring(2,12),e.src+=\"#?secret=\"+t,e.setAttribute(\"data-secret\",t)),e.contentWindow.postMessage({message:\"ready\",secret:t},\"*\")},!1)))}(window,document);\n\/\/# sourceURL=https:\/\/www.victoriamedia.org\/kalastusviesti\/wp-includes\/js\/wp-embed.min.js\n\/* ]]> *\/\n<\/script>\n","description":"Lasten ja nuorten Valtakunnallinen pilkkiviikko on viikolla 12. Tapahtumia j\u00e4rjestet\u00e4\u00e4n ymp\u00e4ri Suomea. Pilkkiviikolla opetetaan t\u00e4t\u00e4\u00a0 perinteik\u00e4st\u00e4 talvikalastusmuotoa erityisesti nuorille ja koululaisille. Samalla perehdyt\u00e4\u00e4n my\u00f6s j\u00e4\u00e4turvallisuuteen. J\u00e4\u00e4tilanne vaihtelee suuresti eri paikoin, joten osa tapahtumista saatetaan j\u00e4rjest\u00e4\u00e4 kuivalla maalla tai kouluokassa. Valtakunnallista pilkkiviikkoa vietet\u00e4\u00e4n v\u00e4hint\u00e4\u00e4n kymmenell\u00e4 paikkakunnalla ja lis\u00e4ksi pilkkiviikon ulkopuolelle j\u00e4rjestet\u00e4\u00e4n useita kymmeni\u00e4 pilkkitapahtumia. P\u00e4iv\u00e4 vietet\u00e4\u00e4n [&hellip;]","thumbnail_url":"http:\/\/www.victoriamedia.org\/kalastusviesti\/wp-content\/uploads\/2016\/02\/Pilkkivavat-syva_.jpg"}

Valtakunnallinen pilkkiviikko pyytää pilkille - KALASTUSVIESTI

<blockquote class="wp-embedded-content" data-secret="5e2tKQEN4N"><a href="https://www.victoriamedia.org/kalastusviesti/valtakunnallinen-pilkkiviikko-pyytaa-pilkille/">Valtakunnallinen pilkkiviikko pyytää pilkille</a></blockquote><iframe sandbox="allow-scripts" security="restricted" src="https://www.victoriamedia.org/kalastusviesti/valtakunnallinen-pilkkiviikko-pyytaa-pilkille/embed/#?secret=5e2tKQEN4N" width="600" height="338" title="&#8220;Valtakunnallinen pilkkiviikko pyytää pilkille&#8221; &#8212; KALASTUSVIESTI" data-secret="5e2tKQEN4N" frameborder="0" marginwidth="0" marginheight="0" scrolling="no" class="wp-embedded-content"></iframe><script type="text/javascript">
/* <![CDATA[ */
/*! This file is auto-generated */
!function(d,l){"use strict";l.querySelector&&d.addEventListener&&"undefined"!=typeof URL&&(d.wp=d.wp||{},d.wp.receiveEmbedMessage||(d.wp.receiveEmbedMessage=function(e){var t=e.data;if((t||t.secret||t.message||t.value)&&!/[^a-zA-Z0-9]/.test(t.secret)){for(var s,r,n,a=l.querySelectorAll('iframe[data-secret="'+t.secret+'"]'),o=l.querySelectorAll('blockquote[data-secret="'+t.secret+'"]'),c=new RegExp("^https?:$","i"),i=0;i<o.length;i++)o[i].style.display="none";for(i=0;i<a.length;i++)s=a[i],e.source===s.contentWindow&&(s.removeAttribute("style"),"height"===t.message?(1e3<(r=parseInt(t.value,10))?r=1e3:~~r<200&&(r=200),s.height=r):"link"===t.message&&(r=new URL(s.getAttribute("src")),n=new URL(t.value),c.test(n.protocol))&&n.host===r.host&&l.activeElement===s&&(d.top.location.href=t.value))}},d.addEventListener("message",d.wp.receiveEmbedMessage,!1),l.addEventListener("DOMContentLoaded",function(){for(var e,t,s=l.querySelectorAll("iframe.wp-embedded-content"),r=0;r<s.length;r++)(t=(e=s[r]).getAttribute("data-secret"))||(t=Math.random().toString(36).substring(2,12),e.src+="#?secret="+t,e.setAttribute("data-secret",t)),e.contentWindow.postMessage({message:"ready",secret:t},"*")},!1)))}(window,document);
//# sourceURL=https://www.victoriamedia.org/kalastusviesti/wp-includes/js/wp-embed.min.js
/* ]]> */
</script>

Lasten ja nuorten Valtakunnallinen pilkkiviikko on viikolla 12. Tapahtumia järjestetään ympäri Suomea. Pilkkiviikolla opetetaan tätä  perinteikästä talvikalastusmuotoa erityisesti nuorille ja koululaisille. Samalla perehdytään myös jääturvallisuuteen. Jäätilanne vaihtelee suuresti eri paikoin, joten osa tapahtumista saatetaan järjestää kuivalla maalla tai kouluokassa. Valtakunnallista pilkkiviikkoa vietetään vähintään kymmenellä paikkakunnalla ja lisäksi pilkkiviikon ulkopuolelle järjestetään useita kymmeniä pilkkitapahtumia. Päivä vietetään [&hellip;]
